(3).
-7
Let h(w) = w - 9. Let b be h(0). Let o = b + 11. Let m(d) = 11 + 2*d**2 + 2*d**2 - d**3 - 13. Give m(o).
6
Let r(u) = -69*u + 2. Let o be r(-3). Let f be (-1)/((-22)/84) + 38/o. Let g(q) be the second derivative of -q**4/12 + 4*q**3/3 - q**2/2 + q. Give g(f).
15
Suppose 3*v = -3*y + 36, 2*v - y - 8 = y. Let w be -7 + 7 + 7/(-1). Let s = v + w. Let q(g) = -6*g + 1. Determine q(s).
-5
Let k = 421 - 418. Let y(x) = 3*x**2 - 3*x - 4. Determine y(k).
14
Let n(i) be the first derivative of -i**2/2 + 4*i - 15. Let c be (1 - -2) + 28/(-2 + -2). What is n(c)?
8
Let a(g) = 3*g + 6. Let s be (5/20)/((-2)/8). Let x(i) = -i. Let q(p) = s*a(p) - 2*x(p). Calculate q(-3).
-3
Let s(t) = -t**2 - 6*t + 3. Let x = -81 - -85. Suppose 5*b + 26 = -x*d, -2*d + 20 = -b - 2*b. What is s(b)?
3
Let w(x) = -x**3 + 11*x**2 - x + 16. Suppose 244 - 156 = 8*i. What is w(i)?
5
Let z(v) = -2*v - 4. Suppose 0 = -4*s - 5*c - 51, c + 21 = -2*s - 0. Let a be 3/6*(0 + -14). Let j be (s - a)/(4/(-10)). What is z(j)?
-14
Let x(z) be the second derivative of z**5/20 + z**4/12 - z**3/3 + 3*z**2 + 19*z. Determine x(-3).
-6
Let v(c) = -c**2 - 9*c - 8. Let d(a) = -5*a**2 - 2*a + 1. Let r be d(-2). Let p = r - -18. Suppose p*g + 24 = -3*q, 5*q + 16 = 5*g - 4. Calculate v(q).
10
Let c(j) = 31 - j + 16 - j**3 - 43. Determine c(0).
4
Suppose 2*d - 3*j = 5*d - 3, 0 = 4*d + j + 11. Let b(g) = -5 + 25 - g - 15 - 12. Calculate b(d).
-3
Let t(d) be the third derivative of d**4/24 + d**3 - 128*d**2. Suppose -30*h + 31*h = -5. What is t(h)?
1
Let a(h) = -h. Let c(i) = -5. Let b(f) = -f**2 - 5*f - 1. Let n be b(-5). Let j(y) = n*c(y) + a(y). Let w be 1/(-5) - 62/(-10). Give j(w).
-1
Let n(b) = -b - 4543 + 4544 - b. Give n(6).
-11
Suppose -3*w + 7*t - 1 = 9*t, 0 = 3*w - t - 14. Let f(m) = -11*m. Determine f(w).
-33
Let p(a) = -2*a + 8. Let y(l) = -2. Let g(t) = 5*p(t) + 20*y(t). Determine g(1).
-10
Suppose -13*k = -6*k - 42. Let b = k + -2. Let l(i) = -i**2 + 5*i + 2. Determine l(b).
6
Let l(b) = -b**3 + 4*b**2 - 8*b - 2. Suppose -4*i - 5*d = -8*d - 7, 0 = 6*i - 3*d - 15. What is l(i)?
-34
Suppose 3*r - 28 = -5*x, -13*r + 16*r - 2*x + 7 = 0. Let q(j) = -2*j. Calculate q(r).
-2
Let n = -1243 + 1242. Let k(y) = -4*y**2 + 1. What is k(n)?
-3
Let u = -521/380 + 27/19. Let a(c) be the second derivative of -9*c + u*c**5 + 0*c**2 - 1/12*c**4 - 1/3*c**3 + 0. Calculate a(3).
12
Let d = 118 - 111. Let n(f) = -6*f + 6*f**3 - d + 5*f**3 - 1 - 12*f**3 + 8*f**2. Determine n(7).
-1
Let f be ((-4)/3 - 1)/(12/(-36)). Let l(c) = c**3 - 7*c**2 - 3*c + 18. What is l(f)?
-3
Let s(g) = -2*g + 4. Let m be (-18)/(-2) - (-32)/(-8). What is s(m)?
-6
Suppose -3*y + 5*y - 2*l + 14 = 0, 3*y - 4*l + 21 = 0. Let c(x) = x**2 + 7*x - 6. What is c(y)?
-6
Let f(s) = 10*s + 6*s + 11*s - 29*s. Determine f(-2).
4
Let o(m) be the first derivative of -9*m**2 - m + 434. What is o(2)?
-37
Let l(q) = 5*q + 64. Let x(u) = -u**2 + 12*u - 24. Let f be x(11). Determine l(f).
-1
Let c be 75 - 59 - (-2 - -16). Let h(m) = -2*m**2 + 0*m**3 - 5*m**3 + 2*m**3 - 2 + 4*m**3. Determine h(c).
-2
Let o(y) = 9*y - 10*y**2 - y**3 + y - 9 + 1. Let w be o(-11). Let k(g) = 4*g + g**2 - 5 - 7*g + 3. Give k(w).
-2
Let w(z) = 13 - 4*z - 3*z + 4*z - 31. What is w(-7)?
3
Let f(m) = -6*m**2 + 3*m - 3. Let w(z) = -11*z**2 + 5*z - 5. Let d(h) = -9*f(h) + 5*w(h). Calculate d(3).
-13
Let s(h) = h**3 - 3*h**2 - 5*h - 26. Let q be s(5). Let j(a) = -a - 4. Give j(q).
-3
Let v = 32 - 20. Suppose -45 = -v*a + 27. Let f(t) = t - 14. Determine f(a).
-8
Let j(g) be the third derivative of -g**4/8 + g**3/6 + g**2 - 156*g. Let t(m) = -m - 2. Let c be t(-3). Give j(c).
-2
Let v(u) = -u + 59*u**2 + u**3 - 1 + 0*u - 53*u**2. Give v(-6).
5
Suppose 2*w + 3*u = -0*w - 6, -5*u = 3*w + 11. Let l(i) be the first derivative of -1/2*i**2 - w - i. Determine l(-4).
3
Let f(s) be the second derivative of -s**4/4 - s**3/6 - s**2 - 198*s. What is f(-2)?
-12
Let z be 7/3 - (-4)/(-3). Let a(m) = m**2 - 1. Let c(f) = 2*f + 2. Let v(g) = -3*a(g) - c(g). Calculate v(z).
-4
Let v(l) = l**3 - 3*l**2 + l + 3. Suppose 4*f - 6 - 2 = 0. Let k(p) = 2*p - 7 + 5*p**f + p**2 - p**2 - p**3. Let d be k(5). Give v(d).
6
Let c(z) = -3*z**3 + 162 - z + 4*z**3 - 5*z**2 - 156. Give c(5).
1
Let w(g) = -2*g**3 + g. Let t(x) = -2*x - 6. Let n be t(-4). Suppose n*z - u = -3, -u = 5*z - 0*z + 18. Let r = z + 4. Determine w(r).
-1
Let f(b) = -b**3 + 5*b**2 - 6. Suppose 0 = 4*j + 2*l - 50, 2*j - 3*l - 65 = -2*j. Suppose 0 = 4*z + 4, 0 = -4*v + 3*v - 4*z + 5. Let y = j - v. Determine f(y).
-6
Let i = -1 + 10. Let o be (-6)/i*30/(-4). Let x(r) = -11*r - 6 - 2*r**2 + o + 10*r + 5. Determine x(-3).
-11
Let c(s) = 7*s + 2. Suppose 5*m = -5*h + 6 + 84, -62 = -3*h - m. Suppose 0*w = 11*w + h. Calculate c(w).
-12
Let v(y) = -3*y**3 - 262*y + 3*y**2 + 261*y - y**2. Determine v(1).
-2
Suppose 3*s = -2*s + 15. Suppose -s*g = -7 - 20. Let i(f) = 2 - 11*f + g*f + f. What is i(3)?
-1
Let g(v) = 9*v**3 - v**2. Let u = 11 + -10. Determine g(u).
8
Let i be (1/(-2))/((-2)/4). Let u(m) = -16*m**2 + 7*m + 14. Let t(v) = -24*v**2 + 10*v + 20. Let p(j) = -7*t(j) + 10*u(j). Determine p(i).
8
Let v(k) = 6*k**2 + 4*k + 1 - 6 - 5*k**2 - 1. Give v(-6).
6
Let j(l) = -l - 8. Let v(z) = -65*z + 516. Let x be v(8). Calculate j(x).
-4
Suppose 0 = -2*l - 5*x - 45, -3*l + 2*l - 3*x - 25 = 0. Let k(q) be the first derivative of q**4/4 + 3*q**3 - 5*q**2 + 7*q + 4. Calculate k(l).
7
Let w(x) be the first derivative of -13*x**5/60 + x**4/24 + x**2/2 - 6. Let d(s) be the second derivative of w(s). Suppose 0 = 3*n - 6*n + 3. Determine d(n).
-12
Let q(l) = -3*l + 2. Let t(g) = 6*g - 117. Let r be t(19). What is q(r)?
11
Let o be (-9 - -12)*2/3. Let z(y) = o*y**2 + 3 + 2*y**3 + 0*y**2 - 4. Suppose 22 = -9*p - 2*p. Calculate z(p).
-9
Let y(k) be the third derivative of 1/2*k**3 + 11*k**2 + 0*k + 0 + 1/8*k**4. Give y(3).
12
Let j(b) be the third derivative of -b**5/60 + 5*b**4/24 + 2*b**3 + 442*b**2. What is j(7)?
-2
Let l be -2 + 3 - (1 - -1). Let t = -2 - l. Let k(u) = u + 4. Let r(q) = 1. Let f(n) = -k(n) + 3*r(n). Determine f(t).
0
Let s(b) = -17*b + 2*b**2 - 2*b**2 + 32*b + b**2. Give s(-15).
0
Let l(a) = -6*a + 1. Suppose -3*h + 0*d - d + 7 = 0, 4*h + 4*d = 4. Suppose -3*r + h*b = -6 - 0, 2*b + 10 = 5*r. Suppose -2*o + 8 = r*o. What is l(o)?
-11
Let p be ((-22)/5 - 3/5)/(-1). Suppose -4*c + v - 2*v + 31 = 0, 4*c - 61 = p*v. Let n(b) = 4*b + b**3 + 1 + 4*b - 4*b**2 - 6*b**2 + 6. What is n(c)?
-2
Suppose -5*a + 5 = -5*u, 7*a - 2*a - 4*u - 10 = 0. Let n(t) = -6 + a*t + 1 + 4. Determine n(1).
5
Let x(a) be the third derivative of 3*a**4/8 - 7*a**2 + 9. What is x(-1)?
-9
Suppose 5*x + 2*w - 45 = 7*w, -3*x + 5*w + 33 = 0. Let t be (-4)/x + 130/78. Let u(b) = 7*b + 1. Determine u(t).
8
Let b(d) = d + 2. Let u be (-1)/2 + (-1)/(-2). Let y be b(u). Suppose -1 - 3 = y*z. Let h(c) = -6*c - 3. Calculate h(z).
9
Suppose -4 = 21*u - 25. Let q(c) = 19*c**3 - 2*c**2 + 1. Give q(u).
18
Suppose -3*k + 0*k - 6 = 0. Let m(v) = v + 1. Let h be m(k). Let r(i) = -14*i + 13*i + 12*i. Give r(h).
-11
Let h(u) = -u**3 + u**2 + 4*u. Suppose 0 = -r + 3 + 9. Suppose -4*b + 0*d = -3*d - 61, 0 = -4*d - r. Suppose -b = s - 16. What is h(s)?
-6
Suppose 2*c + v + 5 = 0, -19 = 4*c - 0*c - v. Let n(o) = 2*o - 5. Calculate n(c).
-13
Suppose 7*o + 35 = 21. Let h(x) = 3*x**2 - 2*x. What is h(o)?
16
Suppose -59*v + 18*v + 41 = 0. Let d(l) = -3*l**2 - 2*l + 3*l**2 + 1 + l**3 + 2*l**2. What is d(v)?
2
Let s(x) = -4*x - 4. Let a(n) = -21*n - 21. Let j(m) = -2*a(m) + 11*s(m). Suppose 3*y - 57 - 9 = 0. Let b = y - 19. Give j(b).
-8
Let y(b) = -2*b**2 - 7*b + 5. Let c(f) = -5*f**2 - 14*f + 11. Let q(s) = -3*c(s) + 7*y(s). Suppose 20 = h + 4*h. Give q(h).
-10
Let i(k) be the third derivative of -3*k**5/20 - k**4/24 - 4*k**2 - 50*k. Give i(-1).
-8
Let r = -29 + 26. Let s(z) = z**2 + 2*z. Determine s(r).
3
Let h(o) = o**2 + 2*o - 1. Let t be 15/6*((-12)/10)/(-1). Suppose -2*r + t = 3*s - 0*s, -4*r = -5*s + 27. What is h(r)?
2
Let r(z) = -z**2 - 2*z + 4. Let j be r(0). Let o(v) = j + 0 + v**2 - v**3 + 1 - 4 + 3*v. Calculate o(3).
-8
Let p(i) = -8*i**2 - i - 4. Let g(x) = x**2 - x + 1. Let t(b) = -2*g(b) - p(b). Give t(-2).
20
Let v(z) = -87*z**2 - 6 + 86*z**2 + 4 - 4*z. Give v(-7).
-23
Let s(p) = -p**3